[INFO] cloning repository https://github.com/Mubelotix/game
[INFO] running `Command { std: "git" "-c" "credential.helper=" "-c" "credential.helper=/workspace/cargo-home/bin/git-credential-null" "clone" "--bare" "https://github.com/Mubelotix/game" "/workspace/cache/git-repos/https%3A%2F%2Fgithub.com%2FMubelotix%2Fgame", kill_on_drop: false }`
[INFO] [stderr] Cloning into bare repository '/workspace/cache/git-repos/https%3A%2F%2Fgithub.com%2FMubelotix%2Fgame'...
[INFO] running `Command { std: "git" "rev-parse" "HEAD", kill_on_drop: false }`
[INFO] [stdout] a1299c72349093e6dfb88df2c8b72d74dee70cb0
[INFO] checking Mubelotix/game against master#af3c6e733a40e671550e0f0f5aeecaa13772ba56 for pr-74989
[INFO] running `Command { std: "git" "clone" "/workspace/cache/git-repos/https%3A%2F%2Fgithub.com%2FMubelotix%2Fgame" "/workspace/builds/worker-13/source", kill_on_drop: false }`
[INFO] [stderr] Cloning into '/workspace/builds/worker-13/source'...
[INFO] [stderr] done.
[INFO] validating manifest of git repo https://github.com/Mubelotix/game on toolchain af3c6e733a40e671550e0f0f5aeecaa13772ba56
[INFO] running `Command { std: "/workspace/cargo-home/bin/cargo" "+af3c6e733a40e671550e0f0f5aeecaa13772ba56" "read-manifest" "--manifest-path" "Cargo.toml", kill_on_drop: false }`
[INFO] started tweaking git repo https://github.com/Mubelotix/game
[INFO] removed path dependency wasm-game-lib from git repo https://github.com/Mubelotix/game
[INFO] finished tweaking git repo https://github.com/Mubelotix/game
[INFO] tweaked toml for git repo https://github.com/Mubelotix/game written to /workspace/builds/worker-13/source/Cargo.toml
[INFO] crate git repo https://github.com/Mubelotix/game already has a lockfile, it will not be regenerated
[INFO] running `Command { std: "/workspace/cargo-home/bin/cargo" "+af3c6e733a40e671550e0f0f5aeecaa13772ba56" "fetch" "--locked" "--manifest-path" "Cargo.toml", kill_on_drop: false }`
[INFO] [stderr] warning: dependency (wasm-game-lib) specified without providing a local path, Git repository, or version to use. This will be considered an error in future versions
[INFO] [stderr]     Blocking waiting for file lock on package cache
[INFO] [stderr]     Updating crates.io index
[INFO] [stderr] error: the lock file /workspace/builds/worker-13/source/Cargo.lock needs to be updated but --locked was passed to prevent this
[INFO] [stderr] If you want to try to generate the lock file without accessing the network, use the --offline flag.
[INFO] the lockfile is outdated, regenerating it
[INFO] running `Command { std: "/workspace/cargo-home/bin/cargo" "+af3c6e733a40e671550e0f0f5aeecaa13772ba56" "generate-lockfile" "--manifest-path" "Cargo.toml" "-Zno-index-update", kill_on_drop: false }`
[INFO] [stderr]     Blocking waiting for file lock on package cache
[INFO] running `Command { std: "/workspace/cargo-home/bin/cargo" "+af3c6e733a40e671550e0f0f5aeecaa13772ba56" "fetch" "--locked" "--manifest-path" "Cargo.toml", kill_on_drop: false }`
[INFO] [stderr] warning: dependency (wasm-game-lib) specified without providing a local path, Git repository, or version to use. This will be considered an error in future versions
[INFO] [stderr]     Blocking waiting for file lock on package cache
[INFO] running `Command { std: "docker" "create" "-v" "/var/lib/crater-agent-workspace/builds/worker-13/target:/opt/rustwide/target:rw,Z" "-v" "/var/lib/crater-agent-workspace/builds/worker-13/source:/opt/rustwide/workdir:ro,Z" "-v" "/var/lib/crater-agent-workspace/cargo-home:/opt/rustwide/cargo-home:ro,Z" "-v" "/var/lib/crater-agent-workspace/rustup-home:/opt/rustwide/rustup-home:ro,Z" "-e" "SOURCE_DIR=/opt/rustwide/workdir" "-e" "CARGO_TARGET_DIR=/opt/rustwide/target" "-e" "CARGO_HOME=/opt/rustwide/cargo-home" "-e" "RUSTUP_HOME=/opt/rustwide/rustup-home" "-w" "/opt/rustwide/workdir" "-m" "1610612736" "--user" "0:0" "--network" "none" "rustops/crates-build-env@sha256:d92eaeed33fa75130ca1ee6c8a01d1ffb62bac859dfdfb3450e3e5d1c0146529" "/opt/rustwide/cargo-home/bin/cargo" "+af3c6e733a40e671550e0f0f5aeecaa13772ba56" "metadata" "--no-deps" "--format-version=1", kill_on_drop: false }`
[INFO] [stdout] 5de6f776625b3fda68b0b562ce00ca16701a8164d8ed3fadca2ccc291e8dda65
[INFO] [stderr] WARNING: Your kernel does not support swap limit capabilities or the cgroup is not mounted. Memory limited without swap.
[INFO] running `Command { std: "docker" "start" "-a" "5de6f776625b3fda68b0b562ce00ca16701a8164d8ed3fadca2ccc291e8dda65", kill_on_drop: false }`
[INFO] running `Command { std: "docker" "inspect" "5de6f776625b3fda68b0b562ce00ca16701a8164d8ed3fadca2ccc291e8dda65", kill_on_drop: false }`
[INFO] running `Command { std: "docker" "rm" "-f" "5de6f776625b3fda68b0b562ce00ca16701a8164d8ed3fadca2ccc291e8dda65", kill_on_drop: false }`
[INFO] [stdout] 5de6f776625b3fda68b0b562ce00ca16701a8164d8ed3fadca2ccc291e8dda65
[INFO] running `Command { std: "docker" "create" "-v" "/var/lib/crater-agent-workspace/builds/worker-13/target:/opt/rustwide/target:rw,Z" "-v" "/var/lib/crater-agent-workspace/builds/worker-13/source:/opt/rustwide/workdir:ro,Z" "-v" "/var/lib/crater-agent-workspace/cargo-home:/opt/rustwide/cargo-home:ro,Z" "-v" "/var/lib/crater-agent-workspace/rustup-home:/opt/rustwide/rustup-home:ro,Z" "-e" "SOURCE_DIR=/opt/rustwide/workdir" "-e" "CARGO_TARGET_DIR=/opt/rustwide/target" "-e" "CARGO_INCREMENTAL=0" "-e" "RUST_BACKTRACE=full" "-e" "RUSTFLAGS=--cap-lints=forbid" "-e" "CARGO_HOME=/opt/rustwide/cargo-home" "-e" "RUSTUP_HOME=/opt/rustwide/rustup-home" "-w" "/opt/rustwide/workdir" "-m" "1610612736" "--user" "0:0" "--network" "none" "rustops/crates-build-env@sha256:d92eaeed33fa75130ca1ee6c8a01d1ffb62bac859dfdfb3450e3e5d1c0146529" "/opt/rustwide/cargo-home/bin/cargo" "+af3c6e733a40e671550e0f0f5aeecaa13772ba56" "check" "--frozen" "--all" "--all-targets" "--message-format=json", kill_on_drop: false }`
[INFO] [stdout] 17ffb90c1d7a58f343b6d963b550fa26b1be402702723b0073f030109baf5704
[INFO] [stderr] WARNING: Your kernel does not support swap limit capabilities or the cgroup is not mounted. Memory limited without swap.
[INFO] running `Command { std: "docker" "start" "-a" "17ffb90c1d7a58f343b6d963b550fa26b1be402702723b0073f030109baf5704", kill_on_drop: false }`
[INFO] [stderr] warning: dependency (wasm-game-lib) specified without providing a local path, Git repository, or version to use. This will be considered an error in future versions
[INFO] [stderr]    Compiling proc-macro2 v1.0.21
[INFO] [stderr]    Compiling unicode-xid v0.2.1
[INFO] [stderr]    Compiling wasm-bindgen-shared v0.2.68
[INFO] [stderr]    Compiling cfg-if v0.1.10
[INFO] [stderr]    Compiling bumpalo v3.4.0
[INFO] [stderr]    Compiling lazy_static v1.4.0
[INFO] [stderr]    Compiling proc-macro-hack v0.5.18
[INFO] [stderr]    Compiling wasm-bindgen v0.2.68
[INFO] [stderr]    Compiling pin-project-internal v0.4.23
[INFO] [stderr]    Compiling memchr v2.3.3
[INFO] [stderr]    Compiling proc-macro-nested v0.1.6
[INFO] [stderr]     Checking futures-core v0.3.5
[INFO] [stderr]     Checking futures-sink v0.3.5
[INFO] [stderr]     Checking once_cell v1.4.1
[INFO] [stderr]     Checking slab v0.4.2
[INFO] [stderr]     Checking pin-utils v0.1.0
[INFO] [stderr]     Checking futures-io v0.3.5
[INFO] [stderr]    Compiling log v0.4.11
[INFO] [stderr]     Checking futures-channel v0.3.5
[INFO] [stderr]     Checking futures-task v0.3.5
[INFO] [stderr]    Compiling quote v1.0.7
[INFO] [stderr]    Compiling syn v1.0.40
[INFO] [stderr]    Compiling wasm-bindgen-backend v0.2.68
[INFO] [stderr]    Compiling wasm-bindgen-macro-support v0.2.68
[INFO] [stderr]    Compiling futures-macro v0.3.5
[INFO] [stderr]    Compiling arr_macro_impl v0.1.3
[INFO] [stderr]    Compiling wasm-bindgen-macro v0.2.68
[INFO] [stderr]     Checking arr_macro v0.1.3
[INFO] [stderr]     Checking pin-project v0.4.23
[INFO] [stderr]     Checking futures-util v0.3.5
[INFO] [stderr]     Checking js-sys v0.3.45
[INFO] [stderr]     Checking console_error_panic_hook v0.1.6
[INFO] [stderr]     Checking futures-executor v0.3.5
[INFO] [stderr]     Checking wasm-bindgen-futures v0.4.18
[INFO] [stderr]     Checking web-sys v0.3.45
[INFO] [stderr]     Checking futures v0.3.5
[INFO] [stderr]     Checking wasm-game-lib v0.5.1
[INFO] [stderr]     Checking game v0.1.0 (/opt/rustwide/workdir)
[INFO] [stdout] error[E0432]: unresolved import `wasm_game_lib::inputs::mouse::is_mouse_pressed`
[INFO] [stdout]  --> src/button.rs:8:56
[INFO] [stdout]   |
[INFO] [stdout] 8 | use wasm_game_lib::inputs::mouse::{get_mouse_position, is_mouse_pressed};
[INFO] [stdout]   |                                                        ^^^^^^^^^^^^^^^^ no `is_mouse_pressed` in `inputs::mouse`
[INFO] [stdout] 
[INFO] [stdout] 
[INFO] [stdout] error[E0432]: unresolved import `wasm_game_lib::inputs::mouse::is_mouse_pressed`
[INFO] [stdout]  --> src/textbox.rs:9:56
[INFO] [stdout]   |
[INFO] [stdout] 9 | use wasm_game_lib::inputs::mouse::{get_mouse_position, is_mouse_pressed};
[INFO] [stdout]   |                                                        ^^^^^^^^^^^^^^^^ no `is_mouse_pressed` in `inputs::mouse`
[INFO] [stdout] 
[INFO] [stdout] 
[INFO] [stdout] error[E0659]: `Button` is ambiguous (glob import vs glob import in the same module)
[INFO] [stdout]    --> src/units.rs:135:23
[INFO] [stdout]     |
[INFO] [stdout] 135 |     next_turn_button: Button<'a>,
[INFO] [stdout]     |                       ^^^^^^ ambiguous name
[INFO] [stdout]     |
[INFO] [stdout] note: `Button` could refer to the struct imported here
[INFO] [stdout]    --> src/units.rs:2:17
[INFO] [stdout]     |
[INFO] [stdout] 2   |     actions::*, button::*, idx::HexIndex, life::*, map::*, pathfinder::*, previsualisation::*,
[INFO] [stdout]     |                 ^^^^^^^^^
[INFO] [stdout]     = help: consider adding an explicit import of `Button` to disambiguate
[INFO] [stdout] note: `Button` could also refer to the enum imported here
[INFO] [stdout]    --> src/units.rs:3:17
[INFO] [stdout]     |
[INFO] [stdout] 3   |     textbox::*, *,
[INFO] [stdout]     |                 ^
[INFO] [stdout]     = help: consider adding an explicit import of `Button` to disambiguate
[INFO] [stdout] 
[INFO] [stdout] 
[INFO] [stdout] error[E0659]: `Button` is ambiguous (glob import vs glob import in the same module)
[INFO] [stdout]    --> src/units.rs:153:31
[INFO] [stdout]     |
[INFO] [stdout] 153 |             next_turn_button: Button::new((10.0, 10.0), None, &arial, String::from("Next turn")),
[INFO] [stdout]     |                               ^^^^^^ ambiguous name
[INFO] [stdout]     |
[INFO] [stdout] note: `Button` could refer to the struct imported here
[INFO] [stdout]    --> src/units.rs:2:17
[INFO] [stdout]     |
[INFO] [stdout] 2   |     actions::*, button::*, idx::HexIndex, life::*, map::*, pathfinder::*, previsualisation::*,
[INFO] [stdout]     |                 ^^^^^^^^^
[INFO] [stdout]     = help: consider adding an explicit import of `Button` to disambiguate
[INFO] [stdout] note: `Button` could also refer to the enum imported here
[INFO] [stdout]    --> src/units.rs:3:17
[INFO] [stdout]     |
[INFO] [stdout] 3   |     textbox::*, *,
[INFO] [stdout]     |                 ^
[INFO] [stdout]     = help: consider adding an explicit import of `Button` to disambiguate
[INFO] [stdout] 
[INFO] [stdout] 
[INFO] [stdout] error[E0432]: unresolved import `wasm_game_lib::inputs::mouse::is_mouse_pressed`
[INFO] [stdout]  --> src/button.rs:8:56
[INFO] [stdout]   |
[INFO] [stdout] 8 | use wasm_game_lib::inputs::mouse::{get_mouse_position, is_mouse_pressed};
[INFO] [stdout]   |                                                        ^^^^^^^^^^^^^^^^ no `is_mouse_pressed` in `inputs::mouse`
[INFO] [stdout] 
[INFO] [stdout] 
[INFO] [stdout] error[E0432]: unresolved import `wasm_game_lib::inputs::mouse::is_mouse_pressed`
[INFO] [stdout]  --> src/textbox.rs:9:56
[INFO] [stdout]   |
[INFO] [stdout] 9 | use wasm_game_lib::inputs::mouse::{get_mouse_position, is_mouse_pressed};
[INFO] [stdout]   |                                                        ^^^^^^^^^^^^^^^^ no `is_mouse_pressed` in `inputs::mouse`
[INFO] [stdout] 
[INFO] [stdout] 
[INFO] [stdout] error[E0659]: `Button` is ambiguous (glob import vs glob import in the same module)
[INFO] [stdout]    --> src/units.rs:135:23
[INFO] [stdout]     |
[INFO] [stdout] 135 |     next_turn_button: Button<'a>,
[INFO] [stdout]     |                       ^^^^^^ ambiguous name
[INFO] [stdout]     |
[INFO] [stdout] note: `Button` could refer to the struct imported here
[INFO] [stdout]    --> src/units.rs:2:17
[INFO] [stdout]     |
[INFO] [stdout] 2   |     actions::*, button::*, idx::HexIndex, life::*, map::*, pathfinder::*, previsualisation::*,
[INFO] [stdout]     |                 ^^^^^^^^^
[INFO] [stdout]     = help: consider adding an explicit import of `Button` to disambiguate
[INFO] [stdout] note: `Button` could also refer to the enum imported here
[INFO] [stdout]    --> src/units.rs:3:17
[INFO] [stdout]     |
[INFO] [stdout] 3   |     textbox::*, *,
[INFO] [stdout]     |                 ^
[INFO] [stdout]     = help: consider adding an explicit import of `Button` to disambiguate
[INFO] [stdout] 
[INFO] [stdout] 
[INFO] [stdout] error[E0659]: `Button` is ambiguous (glob import vs glob import in the same module)
[INFO] [stdout]    --> src/units.rs:153:31
[INFO] [stdout]     |
[INFO] [stdout] 153 |             next_turn_button: Button::new((10.0, 10.0), None, &arial, String::from("Next turn")),
[INFO] [stdout]     |                               ^^^^^^ ambiguous name
[INFO] [stdout]     |
[INFO] [stdout] note: `Button` could refer to the struct imported here
[INFO] [stdout]    --> src/units.rs:2:17
[INFO] [stdout]     |
[INFO] [stdout] 2   |     actions::*, button::*, idx::HexIndex, life::*, map::*, pathfinder::*, previsualisation::*,
[INFO] [stdout]     |                 ^^^^^^^^^
[INFO] [stdout]     = help: consider adding an explicit import of `Button` to disambiguate
[INFO] [stdout] note: `Button` could also refer to the enum imported here
[INFO] [stdout]    --> src/units.rs:3:17
[INFO] [stdout]     |
[INFO] [stdout] 3   |     textbox::*, *,
[INFO] [stdout]     |                 ^
[INFO] [stdout]     = help: consider adding an explicit import of `Button` to disambiguate
[INFO] [stdout] 
[INFO] [stdout] 
[INFO] [stdout] error: aborting due to 4 previous errors
[INFO] [stdout] 
[INFO] [stdout] 
[INFO] [stdout] Some errors have detailed explanations: E0432, E0659.
[INFO] [stdout] 
[INFO] [stdout] For more information about an error, try `rustc --explain E0432`.
[INFO] [stdout] 
[INFO] [stderr] error: could not compile `game`.
[INFO] [stderr] 
[INFO] [stderr] To learn more, run the command again with --verbose.
[INFO] [stderr] warning: build failed, waiting for other jobs to finish...
[INFO] [stdout] error: aborting due to 4 previous errors
[INFO] [stdout] 
[INFO] [stdout] 
[INFO] [stdout] Some errors have detailed explanations: E0432, E0659.
[INFO] [stdout] 
[INFO] [stdout] For more information about an error, try `rustc --explain E0432`.
[INFO] [stdout] 
[INFO] [stderr] error: build failed
[INFO] running `Command { std: "docker" "inspect" "17ffb90c1d7a58f343b6d963b550fa26b1be402702723b0073f030109baf5704", kill_on_drop: false }`
[INFO] running `Command { std: "docker" "rm" "-f" "17ffb90c1d7a58f343b6d963b550fa26b1be402702723b0073f030109baf5704", kill_on_drop: false }`
[INFO] [stdout] 17ffb90c1d7a58f343b6d963b550fa26b1be402702723b0073f030109baf5704
